{"id":395,"date":"2024-03-20T08:48:53","date_gmt":"2024-03-20T08:48:53","guid":{"rendered":"https:\/\/nova.tallerrevaymr.com\/?page_id=395"},"modified":"2024-04-02T15:30:22","modified_gmt":"2024-04-02T15:30:22","slug":"polit-de-fars","status":"publish","type":"page","link":"https:\/\/tallerrevaymr.com\/es\/polit-de-fars\/","title":{"rendered":"PULIDO DE FAROS"},"content":{"rendered":"<p><\/p>\n\n\n\n<div class=\"section-wrapper\" data-id=\"W9PEra\"><section class=\"wp-block-gutenverse-section guten-element guten-section guten-W9PEra layout-boxed align-stretch\"><div class=\"guten-background-overlay\"><\/div><div class=\"guten-shape-divider guten-shape-divider-top\"><\/div><div class=\"guten-shape-divider guten-shape-divider-bottom\"><\/div><div class=\"guten-container guten-column-gap-default\">\n<div class=\"wp-block-gutenverse-column guten-element guten-column guten-TCXaLR\"><div class=\"guten-background-overlay\"><\/div><div class=\"sticky-wrapper\" data-id=\"TCXaLR\"><div class=\"guten-column-wrapper\">\n<p>Es recomendable hacer un pulido de faros cada determinado tiempo para evitar el deterioro y la opacidad.<\/p>\n\n\n\n<p>Te ofrecemos un presupuesto de manera r\u00e1pida para hacer tu pulido de faros en Taller Revay. Nuestros profesionales har\u00e1n que tu veh\u00edculo pueda recuperar su transparencia para ofrecer seguridad en situaciones climatol\u00f3gicas como la niebla, la lluvia, etc.<\/p>\n\n\n\n<div class=\"section-wrapper\" data-id=\"bhAziT\"><section class=\"wp-block-gutenverse-section guten-element guten-section guten-bhAziT layout-boxed align-stretch\"><div class=\"guten-background-overlay\"><\/div><div class=\"guten-shape-divider guten-shape-divider-top\"><\/div><div class=\"guten-shape-divider guten-shape-divider-bottom\"><\/div><div class=\"guten-container guten-column-gap-default\">\n<div class=\"wp-block-gutenverse-column guten-element guten-column guten-ISK404\"><div class=\"guten-background-overlay\"><\/div><div class=\"sticky-wrapper\" data-id=\"ISK404\"><div class=\"guten-column-wrapper\">\n<figure class=\"wp-block-image size-full\"><img loading=\"lazy\" decoding=\"async\" width=\"692\" height=\"678\" src=\"http:\/\/nova.tallerrevaymr.com\/wp-content\/uploads\/2024\/01\/FARS_2.jpg\" alt=\"FARS_2\" class=\"wp-image-127\" srcset=\"https:\/\/tallerrevaymr.com\/wp-content\/uploads\/2024\/01\/FARS_2.jpg 692w, https:\/\/tallerrevaymr.com\/wp-content\/uploads\/2024\/01\/FARS_2-300x294.jpg 300w\" sizes=\"auto, (max-width: 692px) 100vw, 692px\" \/><\/figure>\n<\/div><\/div><\/div>\n\n\n\n<div class=\"wp-block-gutenverse-column guten-element guten-column guten-x1dwBy\"><div class=\"guten-background-overlay\"><\/div><div class=\"sticky-wrapper\" data-id=\"x1dwBy\"><div class=\"guten-column-wrapper\">\n<figure class=\"wp-block-image size-full\"><img loading=\"lazy\" decoding=\"async\" width=\"560\" height=\"306\" src=\"http:\/\/nova.tallerrevaymr.com\/wp-content\/uploads\/2024\/01\/FARS_1.jpg\" alt=\"FARS_1\" class=\"wp-image-126\" srcset=\"https:\/\/tallerrevaymr.com\/wp-content\/uploads\/2024\/01\/FARS_1.jpg 560w, https:\/\/tallerrevaymr.com\/wp-content\/uploads\/2024\/01\/FARS_1-300x164.jpg 300w\" sizes=\"auto, (max-width: 560px) 100vw, 560px\" \/><\/figure>\n<\/div><\/div><\/div>\n<\/div><\/section><\/div>\n<\/div><\/div><\/div>\n<\/div><\/section><\/div>","protected":false},"excerpt":{"rendered":"","protected":false},"author":1,"featured_media":0,"parent":0,"menu_order":0,"comment_status":"closed","ping_status":"closed","template":"","meta":{"footnotes":""},"class_list":["post-395","page","type-page","status-publish","hentry"],"yoast_head":"<!-- This site is optimized with the Yoast SEO plugin v22.4 - https:\/\/yoast.com\/wordpress\/plugins\/seo\/ -->\n<title>Polit de fars<\/title>\n<meta name=\"description\" content=\"T\u2019oferim un pressupost de manera r\u00e0pida per fer el teu poliment de fars a Taller Revay\" \/>\n<meta name=\"robots\" content=\"index, follow, max-snippet:-1, max-image-preview:large, max-video-preview:-1\" \/>\n<link rel=\"canonical\" href=\"https:\/\/tallerrevaymr.com\/es\/polit-de-fars\/\" \/>\n<meta property=\"og:locale\" content=\"es_ES\" \/>\n<meta property=\"og:type\" content=\"article\" \/>\n<meta property=\"og:title\" content=\"Polit de fars\" \/>\n<meta property=\"og:description\" content=\"T\u2019oferim un pressupost de manera r\u00e0pida per fer el teu poliment de fars a Taller Revay\" \/>\n<meta property=\"og:url\" content=\"https:\/\/tallerrevaymr.com\/es\/polit-de-fars\/\" \/>\n<meta property=\"og:site_name\" content=\"tallerrevaymr.com\" \/>\n<meta property=\"article:modified_time\" content=\"2024-04-02T15:30:22+00:00\" \/>\n<meta property=\"og:image\" content=\"http:\/\/nova.tallerrevaymr.com\/wp-content\/uploads\/2024\/01\/FARS_2.jpg\" \/>\n<meta name=\"twitter:card\" content=\"summary_large_image\" \/>\n<meta name=\"twitter:label1\" content=\"Tiempo de lectura\" \/>\n\t<meta name=\"twitter:data1\" content=\"1 minuto\" \/>\n<script type=\"application\/ld+json\" class=\"yoast-schema-graph\">{\"@context\":\"https:\/\/schema.org\",\"@graph\":[{\"@type\":\"WebPage\",\"@id\":\"https:\/\/tallerrevaymr.com\/polit-de-fars\/\",\"url\":\"https:\/\/tallerrevaymr.com\/polit-de-fars\/\",\"name\":\"Polit de fars\",\"isPartOf\":{\"@id\":\"https:\/\/tallerrevaymr.com\/#website\"},\"primaryImageOfPage\":{\"@id\":\"https:\/\/tallerrevaymr.com\/polit-de-fars\/#primaryimage\"},\"image\":{\"@id\":\"https:\/\/tallerrevaymr.com\/polit-de-fars\/#primaryimage\"},\"thumbnailUrl\":\"http:\/\/nova.tallerrevaymr.com\/wp-content\/uploads\/2024\/01\/FARS_2.jpg\",\"datePublished\":\"2024-03-20T08:48:53+00:00\",\"dateModified\":\"2024-04-02T15:30:22+00:00\",\"description\":\"T\u2019oferim un pressupost de manera r\u00e0pida per fer el teu poliment de fars a Taller Revay\",\"breadcrumb\":{\"@id\":\"https:\/\/tallerrevaymr.com\/polit-de-fars\/#breadcrumb\"},\"inLanguage\":\"es\",\"potentialAction\":[{\"@type\":\"ReadAction\",\"target\":[\"https:\/\/tallerrevaymr.com\/polit-de-fars\/\"]}]},{\"@type\":\"ImageObject\",\"inLanguage\":\"es\",\"@id\":\"https:\/\/tallerrevaymr.com\/polit-de-fars\/#primaryimage\",\"url\":\"http:\/\/nova.tallerrevaymr.com\/wp-content\/uploads\/2024\/01\/FARS_2.jpg\",\"contentUrl\":\"http:\/\/nova.tallerrevaymr.com\/wp-content\/uploads\/2024\/01\/FARS_2.jpg\"},{\"@type\":\"BreadcrumbList\",\"@id\":\"https:\/\/tallerrevaymr.com\/polit-de-fars\/#breadcrumb\",\"itemListElement\":[{\"@type\":\"ListItem\",\"position\":1,\"name\":\"Portada\",\"item\":\"https:\/\/tallerrevaymr.com\/\"},{\"@type\":\"ListItem\",\"position\":2,\"name\":\"POLIT DE FARS\"}]},{\"@type\":\"WebSite\",\"@id\":\"https:\/\/tallerrevaymr.com\/#website\",\"url\":\"https:\/\/tallerrevaymr.com\/\",\"name\":\"tallerrevaymr.com\",\"description\":\"Taller Mec\u00e0nic Amb Una \u00c0mplia Varietat De Serveis De Reparaci\u00f3 De Vehicles\",\"publisher\":{\"@id\":\"https:\/\/tallerrevaymr.com\/#organization\"},\"potentialAction\":[{\"@type\":\"SearchAction\",\"target\":{\"@type\":\"EntryPoint\",\"urlTemplate\":\"https:\/\/tallerrevaymr.com\/?s={search_term_string}\"},\"query-input\":\"required name=search_term_string\"}],\"inLanguage\":\"es\"},{\"@type\":\"Organization\",\"@id\":\"https:\/\/tallerrevaymr.com\/#organization\",\"name\":\"tallerrevaymr\",\"url\":\"https:\/\/tallerrevaymr.com\/\",\"logo\":{\"@type\":\"ImageObject\",\"inLanguage\":\"es\",\"@id\":\"https:\/\/tallerrevaymr.com\/#\/schema\/logo\/image\/\",\"url\":\"https:\/\/tallerrevaymr.com\/wp-content\/uploads\/2024\/02\/cropped-TALLER-REVAY-1.png\",\"contentUrl\":\"https:\/\/tallerrevaymr.com\/wp-content\/uploads\/2024\/02\/cropped-TALLER-REVAY-1.png\",\"width\":282,\"height\":131,\"caption\":\"tallerrevaymr\"},\"image\":{\"@id\":\"https:\/\/tallerrevaymr.com\/#\/schema\/logo\/image\/\"}}]}<\/script>\n<!-- \/ Yoast SEO plugin. -->","yoast_head_json":{"title":"Polit de fars","description":"T\u2019oferim un pressupost de manera r\u00e0pida per fer el teu poliment de fars a Taller Revay","robots":{"index":"index","follow":"follow","max-snippet":"max-snippet:-1","max-image-preview":"max-image-preview:large","max-video-preview":"max-video-preview:-1"},"canonical":"https:\/\/tallerrevaymr.com\/es\/polit-de-fars\/","og_locale":"es_ES","og_type":"article","og_title":"Polit de fars","og_description":"T\u2019oferim un pressupost de manera r\u00e0pida per fer el teu poliment de fars a Taller Revay","og_url":"https:\/\/tallerrevaymr.com\/es\/polit-de-fars\/","og_site_name":"tallerrevaymr.com","article_modified_time":"2024-04-02T15:30:22+00:00","og_image":[{"url":"http:\/\/nova.tallerrevaymr.com\/wp-content\/uploads\/2024\/01\/FARS_2.jpg"}],"twitter_card":"summary_large_image","twitter_misc":{"Tiempo de lectura":"1 minuto"},"schema":{"@context":"https:\/\/schema.org","@graph":[{"@type":"WebPage","@id":"https:\/\/tallerrevaymr.com\/polit-de-fars\/","url":"https:\/\/tallerrevaymr.com\/polit-de-fars\/","name":"Polit de fars","isPartOf":{"@id":"https:\/\/tallerrevaymr.com\/#website"},"primaryImageOfPage":{"@id":"https:\/\/tallerrevaymr.com\/polit-de-fars\/#primaryimage"},"image":{"@id":"https:\/\/tallerrevaymr.com\/polit-de-fars\/#primaryimage"},"thumbnailUrl":"http:\/\/nova.tallerrevaymr.com\/wp-content\/uploads\/2024\/01\/FARS_2.jpg","datePublished":"2024-03-20T08:48:53+00:00","dateModified":"2024-04-02T15:30:22+00:00","description":"T\u2019oferim un pressupost de manera r\u00e0pida per fer el teu poliment de fars a Taller Revay","breadcrumb":{"@id":"https:\/\/tallerrevaymr.com\/polit-de-fars\/#breadcrumb"},"inLanguage":"es","potentialAction":[{"@type":"ReadAction","target":["https:\/\/tallerrevaymr.com\/polit-de-fars\/"]}]},{"@type":"ImageObject","inLanguage":"es","@id":"https:\/\/tallerrevaymr.com\/polit-de-fars\/#primaryimage","url":"http:\/\/nova.tallerrevaymr.com\/wp-content\/uploads\/2024\/01\/FARS_2.jpg","contentUrl":"http:\/\/nova.tallerrevaymr.com\/wp-content\/uploads\/2024\/01\/FARS_2.jpg"},{"@type":"BreadcrumbList","@id":"https:\/\/tallerrevaymr.com\/polit-de-fars\/#breadcrumb","itemListElement":[{"@type":"ListItem","position":1,"name":"Portada","item":"https:\/\/tallerrevaymr.com\/"},{"@type":"ListItem","position":2,"name":"POLIT DE FARS"}]},{"@type":"WebSite","@id":"https:\/\/tallerrevaymr.com\/#website","url":"https:\/\/tallerrevaymr.com\/","name":"tallerrevaymr.com","description":"Taller Mec\u00e0nic Amb Una \u00c0mplia Varietat De Serveis De Reparaci\u00f3 De Vehicles","publisher":{"@id":"https:\/\/tallerrevaymr.com\/#organization"},"potentialAction":[{"@type":"SearchAction","target":{"@type":"EntryPoint","urlTemplate":"https:\/\/tallerrevaymr.com\/?s={search_term_string}"},"query-input":"required name=search_term_string"}],"inLanguage":"es"},{"@type":"Organization","@id":"https:\/\/tallerrevaymr.com\/#organization","name":"tallerrevaymr","url":"https:\/\/tallerrevaymr.com\/","logo":{"@type":"ImageObject","inLanguage":"es","@id":"https:\/\/tallerrevaymr.com\/#\/schema\/logo\/image\/","url":"https:\/\/tallerrevaymr.com\/wp-content\/uploads\/2024\/02\/cropped-TALLER-REVAY-1.png","contentUrl":"https:\/\/tallerrevaymr.com\/wp-content\/uploads\/2024\/02\/cropped-TALLER-REVAY-1.png","width":282,"height":131,"caption":"tallerrevaymr"},"image":{"@id":"https:\/\/tallerrevaymr.com\/#\/schema\/logo\/image\/"}}]}},"jetpack_sharing_enabled":true,"_links":{"self":[{"href":"https:\/\/tallerrevaymr.com\/es\/wp-json\/wp\/v2\/pages\/395","targetHints":{"allow":["GET"]}}],"collection":[{"href":"https:\/\/tallerrevaymr.com\/es\/wp-json\/wp\/v2\/pages"}],"about":[{"href":"https:\/\/tallerrevaymr.com\/es\/wp-json\/wp\/v2\/types\/page"}],"author":[{"embeddable":true,"href":"https:\/\/tallerrevaymr.com\/es\/wp-json\/wp\/v2\/users\/1"}],"replies":[{"embeddable":true,"href":"https:\/\/tallerrevaymr.com\/es\/wp-json\/wp\/v2\/comments?post=395"}],"version-history":[{"count":4,"href":"https:\/\/tallerrevaymr.com\/es\/wp-json\/wp\/v2\/pages\/395\/revisions"}],"predecessor-version":[{"id":568,"href":"https:\/\/tallerrevaymr.com\/es\/wp-json\/wp\/v2\/pages\/395\/revisions\/568"}],"wp:attachment":[{"href":"https:\/\/tallerrevaymr.com\/es\/wp-json\/wp\/v2\/media?parent=395"}],"curies":[{"name":"wp","href":"https:\/\/api.w.org\/{rel}","templated":true}]}}

<p></p>



<div class="section-wrapper" data-id="W9PEra"><section class="wp-block-gutenverse-section guten-element guten-section guten-W9PEra layout-boxed align-stretch"><div class="guten-background-overlay"></div><div class="guten-shape-divider guten-shape-divider-top"></div><div class="guten-shape-divider guten-shape-divider-bottom"></div><div class="guten-container guten-column-gap-default">
<div class="wp-block-gutenverse-column guten-element guten-column guten-TCXaLR"><div class="guten-background-overlay"></div><div class="sticky-wrapper" data-id="TCXaLR"><div class="guten-column-wrapper">
<p>Es recomendable hacer un pulido de faros cada determinado tiempo para evitar el deterioro y la opacidad.</p>



<p>Te ofrecemos un presupuesto de manera rápida para hacer tu pulido de faros en Taller Revay. Nuestros profesionales harán que tu vehículo pueda recuperar su transparencia para ofrecer seguridad en situaciones climatológicas como la niebla, la lluvia, etc.</p>



<div class="section-wrapper" data-id="bhAziT"><section class="wp-block-gutenverse-section guten-element guten-section guten-bhAziT layout-boxed align-stretch"><div class="guten-background-overlay"></div><div class="guten-shape-divider guten-shape-divider-top"></div><div class="guten-shape-divider guten-shape-divider-bottom"></div><div class="guten-container guten-column-gap-default">
<div class="wp-block-gutenverse-column guten-element guten-column guten-ISK404"><div class="guten-background-overlay"></div><div class="sticky-wrapper" data-id="ISK404"><div class="guten-column-wrapper">
<figure class="wp-block-image size-full"><img loading="lazy" decoding="async" width="692" height="678" src="http://nova.tallerrevaymr.com/wp-content/uploads/2024/01/FARS_2.jpg" alt="FARS_2" class="wp-image-127" srcset="https://tallerrevaymr.com/wp-content/uploads/2024/01/FARS_2.jpg 692w, https://tallerrevaymr.com/wp-content/uploads/2024/01/FARS_2-300x294.jpg 300w" sizes="auto, (max-width: 692px) 100vw, 692px" /></figure>
</div></div></div>



<div class="wp-block-gutenverse-column guten-element guten-column guten-x1dwBy"><div class="guten-background-overlay"></div><div class="sticky-wrapper" data-id="x1dwBy"><div class="guten-column-wrapper">
<figure class="wp-block-image size-full"><img loading="lazy" decoding="async" width="560" height="306" src="http://nova.tallerrevaymr.com/wp-content/uploads/2024/01/FARS_1.jpg" alt="FARS_1" class="wp-image-126" srcset="https://tallerrevaymr.com/wp-content/uploads/2024/01/FARS_1.jpg 560w, https://tallerrevaymr.com/wp-content/uploads/2024/01/FARS_1-300x164.jpg 300w" sizes="auto, (max-width: 560px) 100vw, 560px" /></figure>
</div></div></div>
</div></section></div>
</div></div></div>
</div></section></div>

<!-- This site is optimized with the Yoast SEO plugin v22.4 - https://yoast.com/wordpress/plugins/seo/ -->
<title>Polit de fars</title>
<meta name="description" content="T’oferim un pressupost de manera ràpida per fer el teu poliment de fars a Taller Revay" />
<meta name="robots" content="index, follow, max-snippet:-1, max-image-preview:large, max-video-preview:-1" />
<link rel="canonical" href="https://tallerrevaymr.com/es/polit-de-fars/" />
<meta property="og:locale" content="es_ES" />
<meta property="og:type" content="article" />
<meta property="og:title" content="Polit de fars" />
<meta property="og:description" content="T’oferim un pressupost de manera ràpida per fer el teu poliment de fars a Taller Revay" />
<meta property="og:url" content="https://tallerrevaymr.com/es/polit-de-fars/" />
<meta property="og:site_name" content="tallerrevaymr.com" />
<meta property="article:modified_time" content="2024-04-02T15:30:22+00:00" />
<meta property="og:image" content="http://nova.tallerrevaymr.com/wp-content/uploads/2024/01/FARS_2.jpg" />
<meta name="twitter:card" content="summary_large_image" />
<meta name="twitter:label1" content="Tiempo de lectura" />
	<meta name="twitter:data1" content="1 minuto" />
<script type="application/ld+json" class="yoast-schema-graph">{"@context":"https://schema.org","@graph":[{"@type":"WebPage","@id":"https://tallerrevaymr.com/polit-de-fars/","url":"https://tallerrevaymr.com/polit-de-fars/","name":"Polit de fars","isPartOf":{"@id":"https://tallerrevaymr.com/#website"},"primaryImageOfPage":{"@id":"https://tallerrevaymr.com/polit-de-fars/#primaryimage"},"image":{"@id":"https://tallerrevaymr.com/polit-de-fars/#primaryimage"},"thumbnailUrl":"http://nova.tallerrevaymr.com/wp-content/uploads/2024/01/FARS_2.jpg","datePublished":"2024-03-20T08:48:53+00:00","dateModified":"2024-04-02T15:30:22+00:00","description":"T’oferim un pressupost de manera ràpida per fer el teu poliment de fars a Taller Revay","breadcrumb":{"@id":"https://tallerrevaymr.com/polit-de-fars/#breadcrumb"},"inLanguage":"es","potentialAction":[{"@type":"ReadAction","target":["https://tallerrevaymr.com/polit-de-fars/"]}]},{"@type":"ImageObject","inLanguage":"es","@id":"https://tallerrevaymr.com/polit-de-fars/#primaryimage","url":"http://nova.tallerrevaymr.com/wp-content/uploads/2024/01/FARS_2.jpg","contentUrl":"http://nova.tallerrevaymr.com/wp-content/uploads/2024/01/FARS_2.jpg"},{"@type":"BreadcrumbList","@id":"https://tallerrevaymr.com/polit-de-fars/#breadcrumb","itemListElement":[{"@type":"ListItem","position":1,"name":"Portada","item":"https://tallerrevaymr.com/"},{"@type":"ListItem","position":2,"name":"POLIT DE FARS"}]},{"@type":"WebSite","@id":"https://tallerrevaymr.com/#website","url":"https://tallerrevaymr.com/","name":"tallerrevaymr.com","description":"Taller Mecànic Amb Una Àmplia Varietat De Serveis De Reparació De Vehicles","publisher":{"@id":"https://tallerrevaymr.com/#organization"},"potentialAction":[{"@type":"SearchAction","target":{"@type":"EntryPoint","urlTemplate":"https://tallerrevaymr.com/?s={search_term_string}"},"query-input":"required name=search_term_string"}],"inLanguage":"es"},{"@type":"Organization","@id":"https://tallerrevaymr.com/#organization","name":"tallerrevaymr","url":"https://tallerrevaymr.com/","logo":{"@type":"ImageObject","inLanguage":"es","@id":"https://tallerrevaymr.com/#/schema/logo/image/","url":"https://tallerrevaymr.com/wp-content/uploads/2024/02/cropped-TALLER-REVAY-1.png","contentUrl":"https://tallerrevaymr.com/wp-content/uploads/2024/02/cropped-TALLER-REVAY-1.png","width":282,"height":131,"caption":"tallerrevaymr"},"image":{"@id":"https://tallerrevaymr.com/#/schema/logo/image/"}}]}</script>
<!-- / Yoast SEO plugin. -->

T’oferim un pressupost de manera ràpida per fer el teu poliment de fars a Taller Revay

Taller Mecànic Amb Una Àmplia Varietat De Serveis De Reparació De Vehicles
